lculate the remainder when 335207 is divided by 8594.
41
What is the remainder when 328316 is divided by 2506?
30
Calculate the remainder when 552697 is divided by 69083.
33
Calculate the remainder when 121033 is divided by 2200.
33
Calculate the remainder when 249260 is divided by 124166.
928
What is the remainder when 7175924 is divided by 1195979?
50
Calculate the remainder when 2432361 is divided by 46.
19
What is the remainder when 926082 is divided by 1569?
372
Calculate the remainder when 391988 is divided by 69.
68
What is the remainder when 2463847 is divided by 410637?
25
Calculate the remainder when 642761 is divided by 49443.
2
What is the remainder when 2670081 is divided by 46?
11
Calculate the remainder when 409498 is divided by 20429.
918
What is the remainder when 121381 is divided by 40451?
28
Calculate the remainder when 193493714 is divided by 594.
590
What is the remainder when 14918 is divided by 6063?
2792
Calculate the remainder when 74806742 is divided by 163.
11
What is the remainder when 20479379 is divided by 235395?
14
What is the remainder when 36176 is divided by 874?
342
What is the remainder when 1424358 is divided by 66?
12
What is the remainder when 4399250 is divided by 1466412?
14
Calculate the remainder when 4484352 is divided by 617.
613
Calculate the remainder when 8511718 is divided by 8511685.
33
What is the remainder when 50900212 is divided by 27351?
1
What is the remainder when 998632 is divided by 60?
52
Calculate the remainder when 686908 is divided by 2525.
108
What is the remainder when 3549649 is divided by 3?
1
Calculate the remainder when 29527534 is divided by 567837.
10
What is the remainder when 239841 is divided by 1408?
481
Calculate the remainder when 20410240 is divided by 793.
6
What is the remainder when 4222887 is divided by 844539?
192
What is the remainder when 5343961 is divided by 5343955?
6
Calculate the remainder when 6461641 is divided by 923077.
102
Calculate the remainder when 13275823 is divided by 491697.
4
Calculate the remainder when 805416 is divided by 1743.
150
What is the remainder when 1463038 is divided by 59?
15
Calculate the remainder when 260001 is divided by 29.
16
Calculate the remainder when 5534657 is divided by 1190.
1157
Calculate the remainder when 5541926 is divided by 59.
56
What is the remainder when 11800557 is divided by 38?
37
Calculate the remainder when 371269 is divided by 1040.
1029
Calculate the remainder when 10804984 is divided by 35660.
4
What is the remainder when 337886 is divided by 1699?
1484
What is the remainder when 7258694 is divided by 2419555?
29
What is the remainder when 443979 is divided by 7786?
177
What is the remainder when 789739 is divided by 766?
759
Calculate the remainder when 8834832 is divided by 3892.
3884
What is the remainder when 16759172 is divided by 7?
3
Calculate the remainder when 149720 is divided by 142.
52
Calculate the remainder when 96741822 is divided by 50.
22
What is the remainder when 135380 is divided by 219?
38
Calculate the remainder when 503447 is divided by 185.
62
Calculate the remainder when 614525 is divided by 20462.
665
Calculate the remainder when 19487901 is divided by 130.
121
Calculate the remainder when 581970 is divided by 118.
112
What is the remainder when 6294816 is divided by 1003?
991
Calculate the remainder when 653024 is divided by 448.
288
What is the remainder when 48211811 is divided by 24105904?
3
What is the remainder when 1024171 is divided by 154?
71
What is the remainder when 8460499 is divided by 1692096?
19
What is the remainder when 837 is divided by 783?
54
Calculate the remainder when 20064802 is divided by 477732.
58
What is the remainder when 3654387 is divided by 938?
877
Calculate the remainder when 349647407 is divided by 1089.
1088
What is the remainder when 27501 is divided by 2626?
1241
Calculate the remainder when 939035 is divided by 938513.
522
Calculate the remainder when 1612921 is divided by 268819.
7
What is the remainder when 6641136 is divided by 364?
320
What is the remainder when 17990 is divided by 17378?
612
Calculate the remainder when 4928043 is divided by 177.
9
What is the remainder when 4412649 is divided by 19?
13
Calculate the remainder when 588072 is divided by 195437.
1761
What is the remainder when 117096 is divided by 6501?
78
Calculate the remainder when 27909 is divided by 8984.
957
Calculate the remainder when 1143936 is divided by 835.
821
Calculate the remainder when 54716 is divided by 1335.
1316
What is the remainder when 1060691 is divided by 1126?
1125
What is the remainder when 200462 is divided by 5?
2
What is the remainder when 61370 is divided by 274?
268
What is the remainder when 1690478 is divided by 2275?
153
What is the remainder when 59170128 is divided by 8?
0
What is the remainder when 48941175 is divided by 20?
15
Calculate the remainder when 37159418 is divided by 20.
18
Calculate the remainder when 24839666 is divided by 34.
14
Calculate the remainder when 42186 is divided by 125.
61
Calculate the remainder when 296784 is divided by 785.
54
Calculate the remainder when 494836 is divided by 4948.
36
Calculate the remainder when 966997 is divided by 483392.
213
What is the remainder when 1591322 is divided by 26875?
5697
What is the remainder when 600305 is divided by 1163?
197
What is the remainder when 19642822 is divided by 7664?
7654
What is the remainder when 124840 is divided by 41438?
526
Calculate the remainder when 390531 is divided by 5900.
1131
Calculate the remainder when 1724731 is divided by 862357.
17
Calculate the remainder when 109773 is divided by 5675.
1948
What is the remainder when 1942233 is divided by 69365?
13
What is the remainder when 10512 is divided by 1432?
488
What is the remainder when 959612 is divided by 218?
194
Calculate the remainder when 27513 is divided by 3549.
2670
What is the remainder when 1513085 is divided by 427?
224
What is the remainder when 87701 is divided by 2738?
85
What is the remainder when 2136841 is divided by 24009?
40
What is the remainder when 17933780 is divided by 9360?
20
Calculate the remainder when 14712 is divided by 14505.
207
What is the remainder when 1288838 is divided by 257767?
3
What is the remainder when 337405 is divided by 208?
29
What is the remainder when 34623924 is divided by 21?
6
Calculate the remainder when 96952 is divided by 32264.
160
Calculate the remainder when 540756116 is divided by 281.
278
Calculate the remainder when 2016330 is divided by 1008086.
158
Calculate the remainder when 1668991 is divided by 210.
121
What is the remainder when 553955 is divided by 1206?
401
What is the remainder when 717341 is divided by 358666?
9
What is the remainder when 417203 is divided by 4207?
710
What is the remainder when 192458 is divided by 47806?
1234
Calculate the remainder when 13001753 is divided by 41.
38
What is the remainder when 1698777 is divided by 242681?
10
Calculate the remainder when 321149523 is divided by 3.
0
Calculate the remainder when 2977234 is divided by 324.
322
Calculate the remainder when 182972662 is divided by 3346.
3344
What is the remainder when 8434435 is divided by 4776?
19
What is the remainder when 90519425 is divided by 20596?
5
What is the remainder when 87540 is divided by 3750?
1290
Calculate the remainder when 602144 is divided by 689.
647
Calculate the remainder when 453634019 is divided by 654.
653
What is the remainder when 244222365 is divided by 16148?
13
What is the remainder when 2865997 is divided by 238822?
133
What is the remainder when 237084850 is divided by 17?
11
Calculate the remainder when 115221062 is divided by 5002.
4994
What is the remainder when 45638353 is divided by 22819172?
9
Calculate the remainder when 5964924 is divided by 47.
13
Calculate the remainder when 75888008 is divided by 833.
42
Calculate the remainder when 4919437 is divided by 1639766.
139
Calculate the remainder when 2109225 is divided by 132.
129
Calculate the remainder when 8879421 is divided by 8942.
15
What is the remainder when 10790 is divided by 4415?
1960
What is the remainder when 20390752 is divided by 2548843?
8
Calculate the remainder when 7729636 is divided by 15775.
15661
What is the remai